
List the prime factors of 1777.
1777
What are the prime factors of 11324?
2, 19, 149
List the prime factors of 68465.
5, 13693
What are the prime factors of 115481?
17, 6793
List the prime factors of 1278.
2, 3, 71
What are the prime factors of 68527?
17, 29, 139
List the prime factors of 20490.
2, 3, 5, 683
List the prime factors of 1437.
3, 479
List the prime factors of 2223.
3, 13, 19
What are the prime factors of 38206?
2, 7, 2729
List the prime factors of 915.
3, 5, 61
What are the prime factors of 923?
13, 71
What are the prime factors of 3524?
2, 881
What are the prime factors of 1301?
1301
What are the prime factors of 1031?
1031
What are the prime factors of 17670?
2, 3, 5, 19, 31
List the prime factors of 1716.
2, 3, 11, 13
List the prime factors of 16892.
2, 41, 103
List the prime factors of 10.
2, 5
List the prime factors of 1508.
2, 13, 29
List the prime factors of 4815.
3, 5, 107
List the prime factors of 16506.
2, 3, 7, 131
What are the prime factors of 383?
383
List the prime factors of 110671.
11, 10061
List the prime factors of 816.
2, 3, 17
What are the prime factors of 1708?
2, 7, 61
What are the prime factors of 660?
2, 3, 5, 11
What are the prime factors of 1516?
2, 379
List the prime factors of 20623.
41, 503
List the prime factors of 14929.
14929
What are the prime factors of 5211?
3, 193
What are the prime factors of 3554?
2, 1777
List the prime factors of 942.
2, 3, 157
List the prime factors of 1399.
1399
List the prime factors of 2140.
2, 5, 107
List the prime factors of 406.
2, 7, 29
What are the prime factors of 31498?
2, 15749
What are the prime factors of 42612?
2, 3, 53, 67
What are the prime factors of 20517?
3, 7, 977
List the prime factors of 5114.
2, 2557
List the prime factors of 42256.
2, 19, 139
List the prime factors of 3560.
2, 5, 89
List the prime factors of 865.
5, 173
List the prime factors of 25776.
2, 3, 179
What are the prime factors of 5473?
13, 421
What are the prime factors of 5084?
2, 31, 41
What are the prime factors of 17667?
3, 13, 151
What are the prime factors of 31649?
31649
What are the prime factors of 1001?
7, 11, 13
What are the prime factors of 6059?
73, 83
List the prime factors of 8019.
3, 11
List the prime factors of 2910.
2, 3, 5, 97
List the prime factors of 7187.
7187
What are the prime factors of 427?
7, 61
What are the prime factors of 2607?
3, 11, 79
What are the prime factors of 54625?
5, 19, 23
List the prime factors of 39182.
2, 11, 13, 137
List the prime factors of 1137.
3, 379
List the prime factors of 657.
3, 73
List the prime factors of 1010.
2, 5, 101
What are the prime factors of 6046?
2, 3023
List the prime factors of 9494.
2, 47, 101
What are the prime factors of 1117?
1117
List the prime factors of 14682.
2, 3, 2447
List the prime factors of 1401.
3, 467
What are the prime factors of 433?
433
List the prime factors of 28547.
28547
List the prime factors of 1388.
2, 347
List the prime factors of 21212.
2, 5303
What are the prime factors of 2815?
5, 563
What are the prime factors of 5129?
23, 223
List the prime factors of 18773.
18773
List the prime factors of 447.
3, 149
List the prime factors of 144850.
2, 5, 2897
List the prime factors of 2824.
2, 353
What are the prime factors of 86876?
2, 37, 587
What are the prime factors of 2166?
2, 3, 19
List the prime factors of 4395.
3, 5, 293
List the prime factors of 11990.
2, 5, 11, 109
What are the prime factors of 2650?
2, 5, 53
What are the prime factors of 2781?
3, 103
What are the prime factors of 648?
2, 3
What are the prime factors of 17515?
5, 31, 113
List the prime factors of 12904.
2, 1613
List the prime factors of 3604.
2, 17, 53
List the prime factors of 255.
3, 5, 17
What are the prime factors of 1576?
2, 197
What are the prime factors of 20328?
2, 3, 7, 11
List the prime factors of 39302.
2, 43, 457
List the prime factors of 1119.
3, 373
What are the prime factors of 41405?
5, 7, 13
What are the prime factors of 58399?
11, 5309
List the prime factors of 101.
101
What are the prime factors of 930?
2, 3, 5, 31
What are the prime factors of 104200?
2, 5, 521
List the prime factors of 5749.
5749
List the prime factors of 68030.
2, 5, 6803
List the prime factors of 497.
7, 71
List the prime factors of 48705.
3, 5, 17, 191
What are the prime factors of 11942?
2, 7, 853
What are the prime factors of 891?
3, 11
What are the prime factors of 4484?
2, 19, 59
List the prime factors of 1953.
3, 7, 31
What are the prime factors of 4588?
2, 31, 37
List the prime factors of 11326.
2, 7, 809
What are the prime factors of 2538?
2, 3, 47
What are the prime factors of 57691?
31, 1861
List the prime factors of 15951.
3, 13, 409
List the prime factors of 5986.
2, 41, 73
List the prime factors of 5806.
2, 2903
List the prime factors of 79772.
2, 7, 11, 37
What are the prime factors of 6744?
2, 3, 281
List the prime factors of 4689.
3, 521
List the prime factors of 5795.
5, 19, 61
List the prime factors of 56451.
3, 31, 607
List the prime factors of 50447.
61, 827
List the prime factors of 33197.
89, 373
What are the prime factors of 2574?
2, 3, 11, 13
List the prime factors of 1526.
2, 7, 109
List the prime factors of 6741.
3, 7, 107
What are the prime factors of 48627?
3, 1801
What are the prime factors of 1904?
2, 7, 17
List the prime factors of 20501.
13, 19, 83
List the prime factors of 4536.
2, 3, 7
What are the prime factors of 128985?
3, 5, 8599
List the prime factors of 403.
13, 31
What are the prime factors of 24664?
2, 3083
List the prime factors of 10104.
2, 3, 421
What are the prime factors of 13697?
13697
What are the prime factors of 881?
881
What are the prime factors of 1155?
3, 5, 7, 11
What are the prime factors of 11078?
2, 29, 191
List the prime factors of 4674.
2, 3, 19, 41
What are the prime factors of 39712?
2, 17, 73
What are the prime factors of 999?
3, 37
What are the prime factors of 1242?
2, 3, 23
What are the prime factors of 4326?
2, 3, 7, 103
List the prime factors of 32648.
2, 7, 11, 53
List the prime factors of 1949.
1949
What are the prime factors of 28081?
28081
List the prime factors of 18045.
3, 5, 401
What are the prime factors of 18536?
2, 7, 331
List the prime factors of 4931.
4931
What are the prime factors of 561?
3, 11, 17
List the prime factors of 1044.
2, 3, 29
What are the prime factors of 309?
3, 103
List the prime factors of 84697.
84697
What are the prime factors of 519?
3, 173
List the prime factors of 7684.
2, 17, 113
List the prime factors of 4598.
2, 11, 19
List the prime factors of 1441.
11, 131
List the prime factors of 5176.
2, 647
List the prime factors of 2303.
7, 47
List the prime factors of 51003.
3, 1889
What are the prime factors of 845?
5, 13
List the prime factors of 188.
2, 47
List the prime factors of 6439.
47, 137
What are the prime factors of 7332?
2, 3, 13, 47
What are the prime factors of 8850?
2, 3, 5, 59
What are the prime factors of 13673?
11, 113
What are the prime factors of 1577?
19, 83
What are the prime factors of 5279?
5279
List the prime factors of 134497.
11, 12227
List the prime factors of 24295.
5, 43, 113
List the prime factors of 9095.
5, 17, 107
List the prime factors of 3828.
2, 3, 11, 29
What are the prime factors of 815?
5, 163
What are the prime factors of 1342?
2, 11, 61
What are the prime factors of 22937?
22937
What are the prime factors of 5068?
2, 7, 181
What are the prime factors of 15259?
15259
List the prime factors of 11282.
2, 5641
What are the prime factors of 703?
19, 37
What are the prime factors of 107011?
113, 947
List the prime factors of 1896.
2, 3, 79
What are the prime factors of 1251?
3, 139
List the prime factors of 32663.
89, 367
What are the prime factors of 428?
2, 107
What are the prime factors of 4551?
3, 37, 41
List the prime factors of 1356.
2, 3, 113
List the prime factors of 20722.
2, 13, 797
List the prime factors of 5061.
3, 7, 241
List the prime factors of 6092.
2, 1523
List the prime factors of 1732.
2, 433
List the prime factors of 9836.
2, 2459
List the prime factors of 626.
2, 313
List the prime factors of 6599.
6599
What are the prime factors of 1119?
3, 373
What are the prime factors of 60056?
2, 7507
What are the prime factors of 7722?
2, 3, 11, 13
What are the prime factors of 9370?
2, 5, 9